{"id":7,"date":"2022-05-04T16:24:41","date_gmt":"2022-05-04T14:24:41","guid":{"rendered":"https:\/\/demosites.royal-elementor-addons.com\/carwash-v1\/?page_id=7"},"modified":"2026-04-23T20:01:33","modified_gmt":"2026-04-23T18:01:33","slug":"leistungen-2","status":"publish","type":"page","link":"https:\/\/toeppel-dach.de\/","title":{"rendered":"Start"},"content":{"rendered":"\t\t<div data-elementor-type=\"wp-page\" data-elementor-id=\"7\" class=\"elementor elementor-7\">\n\t\t\t\t<div class=\"elementor-element elementor-element-305f11f80 e-flex e-con-boxed wpr-particle-no wpr-jarallax-no wpr-parallax-no wpr-sticky-section-no e-con e-parent\" data-id=\"305f11f80\" data-element_type=\"container\" data-e-type=\"container\" data-settings=\"{&quot;background_background&quot;:&quot;slideshow&quot;,&quot;background_slideshow_gallery&quot;:[{&quot;id&quot;:2005,&quot;url&quot;:&quot;https:\\\/\\\/toeppel-dach.de\\\/wp-content\\\/uploads\\\/2026\\\/02\\\/detailed-closeup-view-weathered-clay-black-tile-roof-showcasing-richly-textured-surfaces-scaled.jpg&quot;},{&quot;id&quot;:2025,&quot;url&quot;:&quot;https:\\\/\\\/toeppel-dach.de\\\/wp-content\\\/uploads\\\/2026\\\/02\\\/gas-burner-roofing-material-1-scaled.jpg&quot;}],&quot;background_slideshow_ken_burns&quot;:&quot;yes&quot;,&quot;background_slideshow_loop&quot;:&quot;yes&quot;,&quot;background_slideshow_slide_duration&quot;:5000,&quot;background_slideshow_slide_transition&quot;:&quot;fade&quot;,&quot;background_slideshow_transition_duration&quot;:500,&quot;background_slideshow_ken_burns_zoom_direction&quot;:&quot;in&quot;}\">\n\t\t\t\t\t<div class=\"e-con-inner\">\n\t\t<div class=\"elementor-element elementor-element-7dc8ad8f e-con-full e-flex wpr-particle-no wpr-jarallax-no wpr-parallax-no wpr-sticky-section-no e-con e-child\" data-id=\"7dc8ad8f\" data-element_type=\"container\" data-e-type=\"container\">\n\t\t\t\t<div class=\"elementor-element elementor-element-749d7e79 wpr-fancy-text-slide wpr-advanced-text-style-animated wpr-animated-text-infinite-yes elementor-invisible elementor-widget elementor-widget-wpr-advanced-text\" data-id=\"749d7e79\" data-element_type=\"widget\" data-e-type=\"widget\" data-settings=\"{&quot;_animation&quot;:&quot;zoomIn&quot;,&quot;_animation_delay&quot;:100,&quot;anim_loop&quot;:&quot;yes&quot;}\" data-widget_type=\"wpr-advanced-text.default\">\n\t\t\t\t\t\n\t\t<h3 class=\"wpr-advanced-text\">\n\n\t\t\t\t\t\n\t\t\t\t\t\t\t<span class=\"wpr-advanced-text-preffix\">T\u00d6PPEL-DACH<br><\/span>\n\t\t\t\n\t\t<span class=\"wpr-anim-text wpr-anim-text-type-slide\" data-anim-duration=\"2000,2000\" data-anim-loop=\"yes\">\n\t\t\t<span class=\"wpr-anim-text-inner\">\n\t\t\t\t\t\t\t\t\t<b>Dachsanierung &amp; Neueindeckung<\/b>\n\t\t\t\t\t\t\t\t\t<b>Flachdach &amp; Abdichtung<\/b>\n\t\t\t\t\t\t\t\t\t<b>Schieferarbeiten &amp; Fassaden<\/b>\n\t\t\t\t\t\t\t\t\t<b>Reparaturen &amp; Sturmsch\u00e4den<\/b>\n\t\t\t\t\t\t\t<\/span>\n\t\t\t\t\t<\/span>\n\n\t\t\t\t\n\t\t<\/h3>\n\t\t\n\t\t\t\t\t\t<\/div>\n\t\t\t\t<div class=\"elementor-element elementor-element-1f69fc68 elementor-invisible elementor-widget elementor-widget-text-editor\" data-id=\"1f69fc68\" data-element_type=\"widget\" data-e-type=\"widget\" data-settings=\"{&quot;_animation&quot;:&quot;zoomIn&quot;,&quot;_animation_delay&quot;:200}\" data-widget_type=\"text-editor.default\">\n\t\t\t\t\t\t\t\t\t<pre>Meisterbetrieb aus Hermeskeil, t\u00e4tig im Hochwald - Gro\u00dfraum Trier - Luxembourg<\/pre>\t\t\t\t\t\t\t\t<\/div>\n\t\t\t\t<div class=\"elementor-element elementor-element-7da304e0 wpr-button-icon-style-inline wpr-button-icon-position-right elementor-invisible elementor-widget elementor-widget-wpr-button\" data-id=\"7da304e0\" data-element_type=\"widget\" data-e-type=\"widget\" data-settings=\"{&quot;_animation&quot;:&quot;zoomIn&quot;,&quot;_animation_delay&quot;:300}\" data-widget_type=\"wpr-button.default\">\n\t\t\t\t\t\t\n\t\t\t\n\t\t\n\t\t<div class=\"wpr-button-wrap elementor-clearfix\">\n\t\t<a class=\"wpr-button wpr-button-effect wpr-button-none\" data-text=\"\" href=\"tel:+4915228488882\">\n\t\t\t\n\t\t\t<span class=\"wpr-button-content\">\n\t\t\t\t\t\t\t\t\t<span class=\"wpr-button-text\">Jetzt Anrufen<\/span>\n\t\t\t\t\t\t\t\t\n\t\t\t\t\t\t\t<\/span>\n\t\t<\/a>\n\n\t\t\t\t<\/div>\n\t\n\t\n\t\t\t\t\t<\/div>\n\t\t\t\t<\/div>\n\t\t\t\t\t<\/div>\n\t\t\t\t<\/div>\n\t\t\t\t<section class=\"elementor-section elementor-top-section elementor-element elementor-element-e75e62c elementor-section-boxed elementor-section-height-default elementor-section-height-default wpr-particle-no wpr-jarallax-no wpr-parallax-no wpr-sticky-section-no\" data-id=\"e75e62c\" data-element_type=\"section\" data-e-type=\"section\" data-settings=\"{&quot;background_background&quot;:&quot;classic&quot;}\">\n\t\t\t\t\t\t<div class=\"elementor-container elementor-column-gap-default\">\n\t\t\t\t\t<div class=\"elementor-column elementor-col-33 elementor-top-column elementor-element elementor-element-fe59a7c\" data-id=\"fe59a7c\" data-element_type=\"column\" data-e-type=\"column\">\n\t\t\t<div class=\"elementor-widget-wrap elementor-element-populated\">\n\t\t\t\t\t\t<section class=\"elementor-section elementor-inner-section elementor-element elementor-element-78a1d48 elementor-section-boxed elementor-section-height-default elementor-section-height-default wpr-particle-no wpr-jarallax-no wpr-parallax-no wpr-sticky-section-no\" data-id=\"78a1d48\" data-element_type=\"section\" data-e-type=\"section\">\n\t\t\t\t\t\t<div class=\"elementor-container elementor-column-gap-default\">\n\t\t\t\t\t<div class=\"elementor-column elementor-col-50 elementor-inner-column elementor-element elementor-element-3512438\" data-id=\"3512438\" data-element_type=\"column\" data-e-type=\"column\">\n\t\t\t<div class=\"elementor-widget-wrap elementor-element-populated\">\n\t\t\t\t\t\t<div class=\"elementor-element elementor-element-9deacaa elementor-widget-divider--view-line elementor-widget elementor-widget-divider\" data-id=\"9deacaa\" data-element_type=\"widget\" data-e-type=\"widget\" data-widget_type=\"divider.default\">\n\t\t\t\t\t\t\t<div class=\"elementor-divider\">\n\t\t\t<span class=\"elementor-divider-separator\">\n\t\t\t\t\t\t<\/span>\n\t\t<\/div>\n\t\t\t\t\t\t<\/div>\n\t\t\t\t\t<\/div>\n\t\t<\/div>\n\t\t\t\t<div class=\"elementor-column elementor-col-50 elementor-inner-column elementor-element elementor-element-649f228\" data-id=\"649f228\" data-element_type=\"column\" data-e-type=\"column\">\n\t\t\t<div class=\"elementor-widget-wrap elementor-element-populated\">\n\t\t\t\t\t\t<div class=\"elementor-element elementor-element-22245d5 elementor-widget elementor-widget-heading\" data-id=\"22245d5\" data-element_type=\"widget\" data-e-type=\"widget\" data-widget_type=\"heading.default\">\n\t\t\t\t\t<h5 class=\"elementor-heading-title elementor-size-default\">T\u00d6PPEL - DACH<\/h5>\t\t\t\t<\/div>\n\t\t\t\t\t<\/div>\n\t\t<\/div>\n\t\t\t\t\t<\/div>\n\t\t<\/section>\n\t\t\t\t\t<\/div>\n\t\t<\/div>\n\t\t\t\t<div class=\"elementor-column elementor-col-33 elementor-top-column elementor-element elementor-element-677350e\" data-id=\"677350e\" data-element_type=\"column\" data-e-type=\"column\">\n\t\t\t<div class=\"elementor-widget-wrap elementor-element-populated\">\n\t\t\t\t\t\t<div class=\"elementor-element elementor-element-4f789c6 wpr-logo-position-center elementor-widget elementor-widget-wpr-logo\" data-id=\"4f789c6\" data-element_type=\"widget\" data-e-type=\"widget\" data-widget_type=\"wpr-logo.default\">\n\t\t\t\t\t\t\t\t\n\t\t\t<div class=\"wpr-logo elementor-clearfix\">\n\n\t\t\t\t\t\t\t\t<picture class=\"wpr-logo-image\">\n\t\t\t\t\t\n\t\t\t\t\t\t\t\t\t\t\n\t\t\t\t\t<img decoding=\"async\" src=\"https:\/\/toeppel-dach.de\/wp-content\/uploads\/2026\/02\/sonne.png\" alt=\"\">\n\n\t\t\t\t\t\t\t\t\t<\/picture>\n\t\t\t\t\n\t\t\t\t\n\t\t\t\t\n\t\t\t<\/div>\n\t\t\t\t\n\t\t\t\t\t\t<\/div>\n\t\t\t\t<div class=\"elementor-element elementor-element-5736e40 elementor-widget elementor-widget-heading\" data-id=\"5736e40\" data-element_type=\"widget\" data-e-type=\"widget\" data-widget_type=\"heading.default\">\n\t\t\t\t\t<h2 class=\"elementor-heading-title elementor-size-default\">Stephan T\u00f6ppel<\/h2>\t\t\t\t<\/div>\n\t\t\t\t<div class=\"elementor-element elementor-element-1410f50 elementor-widget elementor-widget-text-editor\" data-id=\"1410f50\" data-element_type=\"widget\" data-e-type=\"widget\" data-widget_type=\"text-editor.default\">\n\t\t\t\t\t\t\t\t\t<p data-start=\"184\" data-end=\"446\">Als selbstst\u00e4ndiger <strong data-start=\"204\" data-end=\"225\">Dachdeckermeister<\/strong> stehe ich pers\u00f6nlich f\u00fcr saubere Arbeit, fachliche Erfahrung und zuverl\u00e4ssige Ausf\u00fchrung. Bei mir geht es nicht um Masse, sondern um <strong data-start=\"359\" data-end=\"400\">Qualit\u00e4t, Pr\u00e4zision und Verantwortung<\/strong> gegen\u00fcber Geb\u00e4ude, Material und Auftraggeber.<\/p><p data-start=\"448\" data-end=\"654\">Seit vielen Jahren realisiere ich Dacharbeiten mit Sorgfalt und handwerklichem Anspruch \u2013 vom Reparaturauftrag bis zur umfassenden Dachsanierung. Planung, Ausf\u00fchrung und Abnahme erfolgen <strong data-start=\"635\" data-end=\"653\">aus einer Hand<\/strong>.<\/p><p data-start=\"656\" data-end=\"695\">bodenst\u00e4ndig &#8211; fachgerecht &#8211;\u00a0 verl\u00e4sslich<\/p>\t\t\t\t\t\t\t\t<\/div>\n\t\t\t\t\t<\/div>\n\t\t<\/div>\n\t\t\t\t<div class=\"elementor-column elementor-col-33 elementor-top-column elementor-element elementor-element-8c941c2 elementor-hidden-tablet elementor-hidden-mobile\" data-id=\"8c941c2\" data-element_type=\"column\" data-e-type=\"column\">\n\t\t\t<div class=\"elementor-widget-wrap elementor-element-populated\">\n\t\t\t\t\t\t<div class=\"elementor-element elementor-element-737133b elementor-widget elementor-widget-image\" data-id=\"737133b\" data-element_type=\"widget\" data-e-type=\"widget\" data-widget_type=\"image.default\">\n\t\t\t\t\t\t\t\t\t\t\t\t\t\t\t<img fetchpriority=\"high\" decoding=\"async\" width=\"563\" height=\"410\" src=\"https:\/\/toeppel-dach.de\/wp-content\/uploads\/2026\/02\/Bild_2026-02-04_195233711.png\" class=\"attachment-large size-large wp-image-2048\" alt=\"\" srcset=\"https:\/\/toeppel-dach.de\/wp-content\/uploads\/2026\/02\/Bild_2026-02-04_195233711.png 563w, https:\/\/toeppel-dach.de\/wp-content\/uploads\/2026\/02\/Bild_2026-02-04_195233711-300x218.png 300w\" sizes=\"(max-width: 563px) 100vw, 563px\" \/>\t\t\t\t\t\t\t\t\t\t\t\t\t\t\t<\/div>\n\t\t\t\t\t<\/div>\n\t\t<\/div>\n\t\t\t\t\t<\/div>\n\t\t<\/section>\n\t\t<div class=\"elementor-element elementor-element-06cf182 e-flex e-con-boxed wpr-particle-no wpr-jarallax-no wpr-parallax-no wpr-sticky-section-no e-con e-parent\" data-id=\"06cf182\" data-element_type=\"container\" data-e-type=\"container\">\n\t\t\t\t\t<div class=\"e-con-inner\">\n\t\t\t\t\t<\/div>\n\t\t\t\t<\/div>\n\t\t<div class=\"elementor-element elementor-element-6371e66 e-grid e-con-boxed wpr-particle-no wpr-jarallax-no wpr-parallax-no wpr-sticky-section-no e-con e-parent\" data-id=\"6371e66\" data-element_type=\"container\" data-e-type=\"container\">\n\t\t\t\t\t<div class=\"e-con-inner\">\n\t\t\t\t\t<\/div>\n\t\t\t\t<\/div>\n\t\t<div class=\"elementor-element elementor-element-52e177f e-flex e-con-boxed wpr-particle-no wpr-jarallax-no wpr-parallax-no wpr-sticky-section-no e-con e-parent\" data-id=\"52e177f\" data-element_type=\"container\" data-e-type=\"container\">\n\t\t\t\t\t<div class=\"e-con-inner\">\n\t\t\t\t\t<\/div>\n\t\t\t\t<\/div>\n\t\t\t\t<\/div>\n\t\t","protected":false},"excerpt":{"rendered":"<p>T\u00d6PPEL-DACH Dachsanierung &amp; Neueindeckung Flachdach &amp; Abdichtung Schieferarbeiten &amp; Fassaden Reparaturen &amp; Sturmsch\u00e4den Meisterbetrieb aus Hermeskeil, t\u00e4tig im Hochwald &#8211; Gro\u00dfraum Trier &#8211; Luxembourg Jetzt Anrufen T\u00d6PPEL &#8211; DACH Stephan T\u00f6ppel Als selbstst\u00e4ndiger Dachdeckermeister stehe ich pers\u00f6nlich f\u00fcr saubere Arbeit, fachliche Erfahrung und zuverl\u00e4ssige Ausf\u00fchrung. Bei mir geht es nicht um Masse, sondern um Qualit\u00e4t, Pr\u00e4zision und Verantwortung gegen\u00fcber Geb\u00e4ude, Material und Auftraggeber. Seit vielen Jahren realisiere ich Dacharbeiten mit Sorgfalt und handwerklichem Anspruch \u2013 vom Reparaturauftrag bis zur umfassenden Dachsanierung. Planung, Ausf\u00fchrung und Abnahme erfolgen aus einer Hand. bodenst\u00e4ndig &#8211; fachgerecht &#8211;\u00a0 verl\u00e4sslich<\/p>\n","protected":false},"author":1,"featured_media":0,"parent":0,"menu_order":0,"comment_status":"closed","ping_status":"closed","template":"elementor_canvas","meta":{"footnotes":""},"class_list":["post-7","page","type-page","status-publish","hentry"],"_links":{"self":[{"href":"https:\/\/toeppel-dach.de\/index.php?rest_route=\/wp\/v2\/pages\/7","targetHints":{"allow":["GET"]}}],"collection":[{"href":"https:\/\/toeppel-dach.de\/index.php?rest_route=\/wp\/v2\/pages"}],"about":[{"href":"https:\/\/toeppel-dach.de\/index.php?rest_route=\/wp\/v2\/types\/page"}],"author":[{"embeddable":true,"href":"https:\/\/toeppel-dach.de\/index.php?rest_route=\/wp\/v2\/users\/1"}],"replies":[{"embeddable":true,"href":"https:\/\/toeppel-dach.de\/index.php?rest_route=%2Fwp%2Fv2%2Fcomments&post=7"}],"version-history":[{"count":10,"href":"https:\/\/toeppel-dach.de\/index.php?rest_route=\/wp\/v2\/pages\/7\/revisions"}],"predecessor-version":[{"id":2341,"href":"https:\/\/toeppel-dach.de\/index.php?rest_route=\/wp\/v2\/pages\/7\/revisions\/2341"}],"wp:attachment":[{"href":"https:\/\/toeppel-dach.de\/index.php?rest_route=%2Fwp%2Fv2%2Fmedia&parent=7"}],"curies":[{"name":"wp","href":"https:\/\/api.w.org\/{rel}","templated":true}]}}